 8*g - 15. Is m a prime number?
False
Let j = -219 + 227. Is (5313/(-44) + 4)/((-1)/j) a prime number?
False
Suppose -19*p = -31*p + 144. Suppose -11835 = -3*o - p*o. Is o a composite number?
True
Let n(y) = -y**3 - 12*y**2 - 20*y - 23. Let l be n(-10). Let j(v) = -v**3 - 19*v**2 + 6*v + 4. Is j(l) prime?
False
Suppose -2*z = -4*p - 16, 7*z + 2*p = 10*z - 4. Is z/(20/(-15))*16738/3 composite?
False
Suppose -5*g + o = -275650, -2*g + 110263 = -5*o + 4*o. Is g composite?
True
Let w be 2/5 - 96/(-10). Suppose -2*x + 15732 = w*x. Suppose -9*z + 6*z + x = 0. Is z a prime number?
False
Suppose -m + 2*w = -3, 4*m - w - 12 = 2*w. Suppose -5*x + 2*x = -m. Is 20/(-20) - (-320)/x prime?
False
Let x(y) = y**2 + 10*y - 20. Let f be x(-12). Let a(t) be the second derivative of 5*t**4/3 - 11*t**3/6 + 31*t**2/2 - 211*t. Is a(f) a composite number?
False
Let x = 632 - 618. Let u(b) be the third derivative of b**5/30 + b**4/12 + 29*b**3/6 - b**2. Is u(x) a prime number?
True
Suppose 279 + 101 = 4*u. Let t be (-1 + (-88)/(-16))*34. Let b = t - u. Is b composite?
True
Let w = 137003 + -95970. Is w composite?
True
Let r be (-4)/18 + ((-55367)/(-117) - 8). Suppose 2*f - 1921 = r. Is f a prime number?
True
Suppose 19 = 3*l + 5*h, -2*l - 12*h = -11*h - 1. Let s = l + 817. Is s a prime number?
False
Let p = 614 - -163. Let n = 310 + p. Is n a prime number?
True
Let w(x) = -1072*x + 4. Let n be w(-2). Suppose 8085 = 9*s - n. Suppose -3*q = -120 - s. Is q a prime number?
True
Let u(f) be the third derivative of 163*f**5/6 - f**4/6 - 5*f**3/6 - 73*f**2. Is u(-2) prime?
False
Let p(l) = 44029*l**3 + 8*l**2 - 7*l + 35. Is p(3) prime?
False
Suppose -5*i + 3 + 2 = 0, i = -3*c - 629. Let x = c - -1079. Is x a prime number?
False
Suppose -9*k + 39 - 59 + 38 = 0. Suppose i = 3*i - 10. Suppose i*v = 3*r + 4457, -901 = v - k*v + 3*r. Is v composite?
True
Let y = -38 + 42. Let d(n) = 233*n + 111. Is d(y) a composite number?
True
Let c = -175 - -201. Suppose 17454 = -c*h + 32*h. Is h a composite number?
False
Let o(k) = 1592*k - 195. Let x = -723 + 730. Is o(x) a composite number?
False
Suppose -8*x - 397 = 539. Let j = x + 1090. Suppose 3*y - 338 = w - 1306, 0 = w - 2*y - j. Is w prime?
True
Let l(d) be the second derivative of d**4/12 + d**3/2 + 8*d**2 + 9*d. Let a be l(-16). Suppose -i + 1 = -3, 5*i = -4*q + a. Is q prime?
False
Let b = -13 - -3. Let a be ((-2)/3)/(b/(-8835)*-1). Suppose a = 7*h - 552. Is h composite?
False
Let w(g) = -2*g**2 - 3*g + 22. Let h be w(3). Is h/((-30)/208912) - 64/(-192) a prime number?
True
Suppose 0 = 5*j + 4*g - 318501, 5*j - 7*j + 127378 = -4*g. Is j a composite number?
False
Let a = 143 + -143. Suppose a = -i + 1, 5*q - 2*i + 5*i - 12298 = 0. Is q a composite number?
False
Suppose 3*x - 2*x = 44. Let v = -38 + x. Suppose 10012 = 10*r - v*r. Is r composite?
False
Suppose 24*b - 18*b + 90 = 0. Is (-1 - -1050)*(b + 20) a composite number?
True
Suppose -4*c + 52*i - 50*i = -66604, -5*c = 4*i - 83229. Is c a prime number?
True
Let r = 2 - 8. Suppose 5*k + 3*m + 0*m = -229, 2*m - 38 = k. Is k/33*r/8*346 prime?
False
Let l(g) = -341*g - 20014. Is l(-177) a prime number?
True
Let y(l) be the first derivative of 130*l**3/3 - 7*l**2 + 11*l - 66. Is y(5) composite?
False
Suppose -559973 + 70447 = -g + 384241. Is g a composite number?
False
Suppose 166310 = -31*p + 1134264 + 456217. Is p a prime number?
False
Let i(j) = j**3 + 11*j**2 + 4*j + 11. Let w be i(-11). Let g = w + -42. Let n = 208 + g. Is n a composite number?
True
Suppose -1065911 = -4*u - 0*u - w, 3*u - 3*w = 799422. Is u a composite number?
False
Let p(x) = 48*x**2 + 2*x + 23. Let l be p(3). Suppose -2*c = 5*j - 35, -8*j = -3*j + 5*c - 50. Suppose 2*h - 902 = -4*i, 5*i + l = j*h - 1764. Is h prime?
False
Suppose 3*c - 53 = -z, 3*z + 5*c - 204 + 41 = 0. Suppose 5*w - 7*w = z. Let h = 55 - w. Is h composite?
False
Let i(a) = 5*a**3 - 51*a**2 + 232*a - 47. Is i(31) prime?
True
Suppose -5*f - 5*y = -2*y - 107764, 0 = 2*f + 3*y - 43093. Is f a composite number?
False
Suppose 31*d = -47*d + 12*d + 7582542. Is d a prime number?
False
Suppose -b - j + 194791 = 0, b - 2*j + 194791 = 2*b. Is b a prime number?
False
Suppose 2*r - 511100 = 2*j, -184*j = 3*r - 181*j - 766620. Is r a prime number?
False
Let i = 869332 + -584375. Is i composite?
False
Suppose 0 = 4*b + 4, 3*g - 2*b + 5*b = 45. Suppose 5456 - 44288 = -g*j. Is j a prime number?
False
Let o be (-6 + (-99)/(-12))*2*2. Suppose -o = 2*u - 11. Suppose -508 + u = -3*z. Is z a prime number?
False
Let f = 44293 + -30349. Suppose 0 = -2*k + 5*v + 2526 + f, -k = -3*v - 8235. Let s = k - 3688. Is s a prime number?
True
Suppose 31*k + 24*k = -k + 2135784. Is k prime?
False
Suppose 96*p - 293*p - 2089652 + 46672131 = 0. Is p composite?
False
Suppose 3*f = -15, -5*a + 655 = -3*f - 2510. Let m be (-7)/(-1 + a/633). Suppose 41*g = 42*g - m. Is g a composite number?
True
Suppose -4 = 38*t - 40*t. Suppose -4*y + 36 = 4*q, -q - 8 = -t*y - 2. Suppose 0*i = -5*i + y, 5*z - 7792 = 3*i. Is z prime?
True
Let r(f) = f**3 - 2*f + 9. Let j be r(-5). Let w be (-3 - -5)/(-4)*(j - -2). Suppose 51*t + 521 = w*t. Is t prime?
True
Let o(v) = -8*v**2 - v + 4. Let l be o(-3). Let n be 2298*(l/(-21) + 18/(-42)). Suppose 0 = -7*y + n - 955. Is y a prime number?
True
Is 5/((-26)/104*(-12)/168447) composite?
True
Is 409602 - -40 - ((-7 - -2) + (0 - 2)) prime?
False
Let i = -948 + -51. Let d = 3128 - i. Is d prime?
True
Let v be (-2)/(-6)*-1*-9. Suppose -1 - 20 = -v*m. Suppose m*x - 5*x - 582 = 0. Is x composite?
True
Let o = 106 - 65. Let p = 50 - o. Is p/3 + 91 - 5 prime?
True
Let p(t) = 279*t - 70. Suppose 6*y - 44 = 22. Is p(y) prime?
True
Let n be (-5 - 0)*10078844/(-310). Suppose -n = -9*r + 104207. Is r a prime number?
True
Let w(o) = o**3 + 28*o**2 + 7*o - 43. Suppose 5*j - 3*a + 91 = 0, -5*j - 7*a = -2*a + 115. Is w(j) prime?
False
Suppose -11 = -3*o - 23, 4*o = -3*g + 413765. Is g composite?
False
Suppose -11*k = -13*k + 5*g + 2, -3*k - 18 = 3*g. Let p(u) = 110*u**2 + 12*u - 6. Is p(k) a composite number?
True
Let a(h) = -6*h**3 + 3*h**2 + 42*h - 388. Is a(-51) composite?
False
Is 3/((-792)/(-12735120)) + 2/(-22) + 0 a composite number?
False
Suppose -6*w + 7*w - 3 = 0. Suppose -16*m + 21*m - 4995 = 0. Suppose -x + 430 - 93 = w*a, m = 3*x + 3*a. Is x a composite number?
False
Suppose 8*s - 90596 - 49956 = 0. Is s composite?
False
Is ((-1869338)/4)/(131/(-262)) composite?
False
Let f be (2 - 60/(-10)) + (-1 - 0). Let b(p) = 3*p + 1. Let s be b(-1). Is 1815/f + 7/49*s composite?
True
Suppose 89*j - 48*j = 61*j - 6882140. Is j composite?
True
Is ((-100370)/60)/((-175)/42 + 4) a composite number?
False
Let a(r) = 20492*r**2 + 698*r - 2813. Is a(4) prime?
True
Suppose 3*o = h + 51, -2*o + o + 22 = -2*h. Suppose -5*q = -o - 29. Is -1 + (-986)/(-6) + (-3)/q a prime number?
True
Let o = 40 + -36. Let p be (0*1/o)/2. Suppose 5*v - n - 263 = 0, p*v + 3*n + 47 = v. Is v prime?
True
Let x = -603851 - -1021090. Is x prime?
True
Is 4*(8 - (-93)/(-12)) - -138154 a prime number?
False
Let y(d) = 219*d**2 - 4*d - 24. Is y(-5) composite?
False
Suppose -4*w + 4*q = 20128, -4*w + 3*q - 15455 = 4678. Let v = -3172 - w. Is v a composite number?
True
Let q be 8/20 + 333306/10. Let m = q - 21134. Is m a prime number?
True
Suppose 0 = -3*u + 26 - 11, s - 4*u + 720 = 0. Suppose -2*c + 1548 = -614. Let t = s + c. Is t a prime number?
False
Let n = -630 - -630. Let p(m) = -3*m**3 + 3*m**2 - 5*m - 25265. Let h(d) = d**3 - d**2 + 2*d + 8422. Let k(o) = -8*h(o) - 3*p(o). Is k(n) a prime number?
True
Let t(b) = 60*b + 10. Let j(y) = 121*y + 19. Let k = 87 - 80. Let p(a) = k*t(a) - 3*j(a). Is p(14) composite?
False
Suppose 26*f - x = 30*f - 1056121, 5*f - 1320150 = -x. Is f composite?
False
Let r(n) = 5352*n - 575. Is r(13) a prime number?
True
Let f(i) = -7660*i**3 - 2*i - 1. Let l be f(-1). Suppose -3*t - u = l - 1819, -4*u = 2*t + 3888. Let d = 2903 + t. Is d composite?
True
Suppose o = 3*n + 1811, 8*o + n - 7283 = 4*o. Let k = 5613 - o. Is k composite?
False
Suppose 2*z + 10 = -4*p, -4*p - 7 = 2*z - 3*p. Let s(l) = -233*l - 2. Let c(u) = -467*u - 3. Let f(a) = -6*c(a) + 13*s(a). Is f(z) a prime number?
True
Let s be -6 - ((-216)/10 + (7 - 192/30)). Let l(i) = i - 2. Let x be l(7). Is x/((s/(-485